{"id":3,"date":"2024-02-12T15:08:58","date_gmt":"2024-02-12T20:08:58","guid":{"rendered":"https:\/\/mflery.com\/tiendavirtual\/?page_id=3"},"modified":"2024-03-04T12:29:50","modified_gmt":"2024-03-04T17:29:50","slug":"politica-privacidad","status":"publish","type":"page","link":"https:\/\/mflery.com\/tiendavirtual\/?page_id=3","title":{"rendered":"Pol\u00edtica de privacidad"},"content":{"rendered":"<div id=\"privacy-settings-accordion-block-privacy-policy-guide\" class=\"privacy-settings-accordion-panel\">\n<div class=\"wp-suggested-text\">\n<h2>Qui\u00e9nes somos<\/h2>\n<p class=\"privacy-policy-tutorial\">En esta secci\u00f3n debes anotar la URL del sitio, as\u00ed como el nombre de la compa\u00f1\u00eda, organizaci\u00f3n, o individuo detr\u00e1s de \u00e9l, y cierta informaci\u00f3n de contacto exacta.<\/p>\n<p class=\"privacy-policy-tutorial\">La cantidad de informaci\u00f3n que puedes requerir para mostrar variar\u00e1 dependiendo de sus regulaciones locales o nacionales de negocios. Por ejemplo, puede ser necesario que muestre una direcci\u00f3n f\u00edsica, una direcci\u00f3n registrada o el n\u00famero de registro de su empresa.<\/p>\n<h2>Qu\u00e9 datos personales recopilamos y por qu\u00e9 lo recogemos<\/h2>\n<p class=\"privacy-policy-tutorial\">En esta secci\u00f3n notar\u00e1 los datos personales que est\u00e1 recolectando de los usuarios y visitantes del sitio. Este puede incluir datos personales, como nombre, correo electr\u00f3nico, preferencia personales de la cuenta, datos transaccionales, como informacio\u0144 para compras; y datos t\u00e9cnicos tal como informaci\u00f3n sobre cookies.<\/p>\n<p class=\"privacy-policy-tutorial\">Tambi\u00e9n debes observar cualquier recopilaci\u00f3n y retenci\u00f3n de datos personales confidenciales, como datos relacionados con la salud.<\/p>\n<p class=\"privacy-policy-tutorial\">Adem\u00e1s de enumerar los datos personales que recopilas, debe indicar por qu\u00e9 los recopila. Estas explicaciones deben tener en cuenta la base legal para la recopilaci\u00f3n y retenci\u00f3n de datos o el consentimiento activo que el usuario ha otorgado.<\/p>\n<p class=\"privacy-policy-tutorial\">Los datos personales no solo son creados por las interacciones de un usuario con tu sitio. Los datos personales tambi\u00e9n se generan a partir de procesos t\u00e9cnicos, como formularios de contacto, comentarios, cookies, an\u00e1lisis e incrustaciones de terceros.<\/p>\n<p class=\"privacy-policy-tutorial\">Por defecto, WordPress no recoge ning\u00fan dato personal sobre los visitantes, y s\u00f3lo recoge los datos mostrados en la pantalla del perfil de usuario de los usuarios registrados. Sin embargo, algunos de sus plugins pueden recopilar datos personales. Debes agregar la informaci\u00f3n relevante abajo.<\/p>\n<h2>Comentarios<\/h2>\n<p class=\"privacy-policy-tutorial\">En esta subsecci\u00f3n notar\u00e1 la informaci\u00f3n que es capturada mediante comentarios. Hemos anotad los datos que WordPress recolecta por omisi\u00f3n.<\/p>\n<h2>Medios<\/h2>\n<p class=\"privacy-policy-tutorial\">En esta subsecci\u00f3n debes anotar qu\u00e9 informaci\u00f3n puede ser divulgada por usuarios que pueden subir archivos multimedia. Todos los archivos subidos son normalmente accesibles al p\u00fablico.<\/p>\n<h2>Formularios de contacto<\/h2>\n<p class=\"privacy-policy-tutorial\">Por defecto, WordPress no incluye un formulario de contacto. Si utilizas un plugin de formulario de contacto, utiliza esta subsecci\u00f3n para indicar qu\u00e9 datos personales se capturan cuando alguien env\u00eda un formulario de contacto y cu\u00e1nto tiempo los conservas. Por ejemplo, puedes indicar que mantienes los env\u00edos de formularios de contacto durante un cierto per\u00edodo con fines de servicio al cliente, pero no utilizas la informaci\u00f3n enviada a trav\u00e9s de ellos con fines de marketing.<\/p>\n<h2>Cookies<\/h2>\n<p class=\"privacy-policy-tutorial\">En esta subsecci\u00f3n, debes enumerar las cookies que utiliza tu sitio web, incluidas las instaladas por tus plugins, redes sociales y anal\u00edticas. Hemos agregado las cookies que WordPress instala de forma predeterminada.<\/p>\n<h2>Anal\u00edtica<\/h2>\n<p class=\"privacy-policy-tutorial\">En esta subsecci\u00f3n, debes anotar los paquetes de anal\u00edtica que usas, c\u00f3mo pueden los usuarios optar por no participar en el seguimiento de la anal\u00edtica, y agregar un enlace a la pol\u00edtica de privacidad de tu proveedor de anal\u00edtica, si existe.<\/p>\n<p class=\"privacy-policy-tutorial\">Por defecto, WordPress no recoge ning\u00fan dato anal\u00edtico. Sin embargo, muchas cuentas de alojamiento web recogen algunos datos anal\u00edticos an\u00f3nimos. Tambi\u00e9n es posible que hayas instalado un plugin de WordPress que proporciona servicios de anal\u00edtica. En ese caso, a\u00f1ade la informaci\u00f3n de ese plugin aqu\u00ed.<\/p>\n<h2>Con qui\u00e9n compartimos tus datos<\/h2>\n<p class=\"privacy-policy-tutorial\">En esta secci\u00f3n debes nombrar y enumerar todos los proveedores externos con los que compartes datos del sitio, incluidos los socios, los servicios basados en la nube, los procesadores de pagos y los proveedores de servicios externos, e indicar qu\u00e9 datos compartes con ellos y por qu\u00e9. Enlaza a sus propios avisos de privacidad si es posible.<\/p>\n<p class=\"privacy-policy-tutorial\">Por defecto, WordPress no comparte ning\u00fan dato personal con nadie.<\/p>\n<h2>Cu\u00e1nto tiempo conservamos tus datos<\/h2>\n<p class=\"privacy-policy-tutorial\">En esta secci\u00f3n, debes explicar cu\u00e1nto tiempo retendr\u00e1s los datos personales recopilados o procesados por el sitio web. Si bien es tu responsabilidad establecer por cu\u00e1nto tiempo conservar\u00e1s cada conjunto de datos y el por qu\u00e9 lo conservas, esta informaci\u00f3n debe figurar aqu\u00ed. Por ejemplo, puedes justificar que mantiene las entradas del formulario de contacto durante seis meses, los registros anal\u00edticos de un a\u00f1o y los registros de compra de los clientes durante diez a\u00f1os.<\/p>\n<h2>Qu\u00e9 derechos tienes sobre tus datos<\/h2>\n<p class=\"privacy-policy-tutorial\">En esta secci\u00f3n debes explicar los derechos que tiene los usuarios sobre sus datos y como pueden ejercerlos.<\/p>\n<h2>D\u00f3nde se env\u00edan tus datos<\/h2>\n<p class=\"privacy-policy-tutorial\">En esta secci\u00f3n debes enumerar todas las transferencias de los datos de su sitio fuera de la Uni\u00f3n Europea y describir los medios por los cuales esos datos son protegidos de acuerdo a las normas europeas de protecci\u00f3n de datos. Esto podr\u00eda incluir su alojamiento web, almacenamiento en la nube u otros servicios de terceros.<\/p>\n<p class=\"privacy-policy-tutorial\">La ley Europea de protecci\u00f3n de datos, requiere informaci\u00f3n sobre los residentes europeos que son transferidos por fuera de la Uni\u00f3n Europea garantizando su sometimiento a los mismo estandares como si estuvieran en Europa. Por lo tanto, adem\u00e1s de escribir a d\u00f3nde van estos datos, debes enumerar los detalles de c\u00f3mo vas a asegurar de que t\u00fa, o tus proveedores terceros, cumplir\u00e1n estas normas, ya sea a trav\u00e9s de un acuerdo como Privacy Shield, cl\u00e1usulas de modelo en sus contratos, o reglas corporativas vinculantes.<\/p>\n<h2>Informaci\u00f3n de contacto<\/h2>\n<p class=\"privacy-policy-tutorial\">En esta secci\u00f3n debes proporcionar un m\u00e9todo de contacto para cuestiones espec\u00edficas de privacidad. Si es necesario que tengas un responsable para la protecci\u00f3n de datos, indica aqu\u00ed su nombre y sus datos completos de contacto.<\/p>\n<h2>Informaci\u00f3n adicional<\/h2>\n<p class=\"privacy-policy-tutorial\">Si utilizas tu sitio con fines comerciales y realizas una recopilaci\u00f3n o un procesamiento m\u00e1s complejo de datos personales, debes tener en cuenta la siguiente informaci\u00f3n en tu pol\u00edtica de privacidad, adem\u00e1s de la informaci\u00f3n que ya hemos discutido.<\/p>\n<h2>C\u00f3mo protegemos tus datos<\/h2>\n<p class=\"privacy-policy-tutorial\">En esta secci\u00f3n, debes explicar qu\u00e9 medidas has tomado para proteger los datos de tus usuarios. Esto podr\u00eda incluir medidas t\u00e9cnicas como el cifrado; medidas de seguridad como autenticaci\u00f3n de dos factores; y medidas como la capacitaci\u00f3n del personal en protecci\u00f3n de datos. Si has realizado una evaluaci\u00f3n de impacto de la privacidad, puedes mencionarla aqu\u00ed tambi\u00e9n.<\/p>\n<h2>Qu\u00e9 procedimientos de violaci\u00f3n de datos tenemos en marcha<\/h2>\n<p class=\"privacy-policy-tutorial\">En esta secci\u00f3n, debes explicar qu\u00e9 procedimientos tienes para tratar las infracciones de datos, ya sean potenciales o reales, como los sistemas de informes internos, los mecanismos de contacto o las recompensas por errores.<\/p>\n<h2>De qu\u00e9 terceros recibimos datos<\/h2>\n<p class=\"privacy-policy-tutorial\">Si tu web recibe datos sobre los usuarios de terceros, incluidos los anunciantes, esta informaci\u00f3n debe incluirse en la secci\u00f3n de tu aviso de privacidad relativo a los datos de terceros.<\/p>\n<h2>Qu\u00e9 toma de decisiones y\/o perfiles automatizados haremos con los datos del usuario<\/h2>\n<p class=\"privacy-policy-tutorial\">Si tu sitio web ofrece un servicio que incluye la toma de decisiones autom\u00e1tica, por ejemplo, permitir que los clientes soliciten cr\u00e9dito o agregar sus datos en un perfil publicitario, debes tener en cuenta, que esto est\u00e1 ocurriendo, e incluir informaci\u00f3n sobre c\u00f3mo se usa esa informaci\u00f3n, cu\u00e1les decisiones se toman con los datos agregados y qu\u00e9 derechos tienen los usuarios sobre las decisiones tomadas sin intervenci\u00f3n humana.<\/p>\n<h2>Requisitos de divulgaci\u00f3n regulatoria de la industria<\/h2>\n<p class=\"privacy-policy-tutorial\">Si eres miembro de un sector regulado, o si est\u00e1s sujeto a leyes adicionales de privacidad, puede que tengas que comunicar esa informaci\u00f3n aqui.<\/p>\n<\/div>\n<\/div>\n","protected":false},"excerpt":{"rendered":"<p>Qui\u00e9nes somos En esta secci\u00f3n debes anotar la URL del sitio, as\u00ed como el nombre de la compa\u00f1\u00eda, organizaci\u00f3n, o individuo detr\u00e1s de \u00e9l, y cierta informaci\u00f3n de contacto exacta. La cantidad de informaci\u00f3n que puedes requerir para mostrar variar\u00e1 dependiendo de sus regulaciones locales o nacionales de negocios. Por ejemplo, puede ser necesario que [&hellip;]<\/p>\n","protected":false},"author":1,"featured_media":0,"parent":0,"menu_order":0,"comment_status":"closed","ping_status":"open","template":"","meta":{"_acf_changed":false,"_joinchat":[],"footnotes":""},"class_list":["post-3","page","type-page","status-publish","hentry"],"acf":[],"yoast_head":"<!-- This site is optimized with the Yoast SEO plugin v22.6 - https:\/\/yoast.com\/wordpress\/plugins\/seo\/ -->\n<title>Pol\u00edtica de privacidad - Mflery | Soluciones Ambientales<\/title>\n<meta name=\"robots\" content=\"index, follow, max-snippet:-1, max-image-preview:large, max-video-preview:-1\" \/>\n<link rel=\"canonical\" href=\"https:\/\/mflery.com\/tiendavirtual\/?page_id=3\" \/>\n<meta property=\"og:locale\" content=\"es_ES\" \/>\n<meta property=\"og:type\" content=\"article\" \/>\n<meta property=\"og:title\" content=\"Pol\u00edtica de privacidad - Mflery | Soluciones Ambientales\" \/>\n<meta property=\"og:description\" content=\"Qui\u00e9nes somos En esta secci\u00f3n debes anotar la URL del sitio, as\u00ed como el nombre de la compa\u00f1\u00eda, organizaci\u00f3n, o individuo detr\u00e1s de \u00e9l, y cierta informaci\u00f3n de contacto exacta. La cantidad de informaci\u00f3n que puedes requerir para mostrar variar\u00e1 dependiendo de sus regulaciones locales o nacionales de negocios. Por ejemplo, puede ser necesario que [&hellip;]\" \/>\n<meta property=\"og:url\" content=\"https:\/\/mflery.com\/tiendavirtual\/?page_id=3\" \/>\n<meta property=\"og:site_name\" content=\"Mflery | Soluciones Ambientales\" \/>\n<meta property=\"article:modified_time\" content=\"2024-03-04T17:29:50+00:00\" \/>\n<meta name=\"twitter:card\" content=\"summary_large_image\" \/>\n<meta name=\"twitter:label1\" content=\"Tiempo de lectura\" \/>\n\t<meta name=\"twitter:data1\" content=\"6 minutos\" \/>\n<script type=\"application\/ld+json\" class=\"yoast-schema-graph\">{\"@context\":\"https:\/\/schema.org\",\"@graph\":[{\"@type\":\"WebPage\",\"@id\":\"https:\/\/mflery.com\/tiendavirtual\/?page_id=3\",\"url\":\"https:\/\/mflery.com\/tiendavirtual\/?page_id=3\",\"name\":\"Pol\u00edtica de privacidad - Mflery | Soluciones Ambientales\",\"isPartOf\":{\"@id\":\"https:\/\/mflery.com\/tiendavirtual\/#website\"},\"datePublished\":\"2024-02-12T20:08:58+00:00\",\"dateModified\":\"2024-03-04T17:29:50+00:00\",\"breadcrumb\":{\"@id\":\"https:\/\/mflery.com\/tiendavirtual\/?page_id=3#breadcrumb\"},\"inLanguage\":\"es-CO\",\"potentialAction\":[{\"@type\":\"ReadAction\",\"target\":[\"https:\/\/mflery.com\/tiendavirtual\/?page_id=3\"]}]},{\"@type\":\"BreadcrumbList\",\"@id\":\"https:\/\/mflery.com\/tiendavirtual\/?page_id=3#breadcrumb\",\"itemListElement\":[{\"@type\":\"ListItem\",\"position\":1,\"name\":\"Inicio\",\"item\":\"https:\/\/mflery.com\/tiendavirtual\/\"},{\"@type\":\"ListItem\",\"position\":2,\"name\":\"Pol\u00edtica de privacidad\"}]},{\"@type\":\"WebSite\",\"@id\":\"https:\/\/mflery.com\/tiendavirtual\/#website\",\"url\":\"https:\/\/mflery.com\/tiendavirtual\/\",\"name\":\"Mflery | Soluciones Ambientales\",\"description\":\"Entrega inmediata en todo el pa\u00eds | Precios m\u00e1s bajos garantizados\",\"publisher\":{\"@id\":\"https:\/\/mflery.com\/tiendavirtual\/#organization\"},\"potentialAction\":[{\"@type\":\"SearchAction\",\"target\":{\"@type\":\"EntryPoint\",\"urlTemplate\":\"https:\/\/mflery.com\/tiendavirtual\/?s={search_term_string}\"},\"query-input\":\"required name=search_term_string\"}],\"inLanguage\":\"es-CO\"},{\"@type\":\"Organization\",\"@id\":\"https:\/\/mflery.com\/tiendavirtual\/#organization\",\"name\":\"Mflery | Soluciones Ambientales\",\"url\":\"https:\/\/mflery.com\/tiendavirtual\/\",\"logo\":{\"@type\":\"ImageObject\",\"inLanguage\":\"es-CO\",\"@id\":\"https:\/\/mflery.com\/tiendavirtual\/#\/schema\/logo\/image\/\",\"url\":\"https:\/\/mflery.com\/tiendavirtual\/wp-content\/uploads\/2024\/02\/cropped-logo_mflery.png\",\"contentUrl\":\"https:\/\/mflery.com\/tiendavirtual\/wp-content\/uploads\/2024\/02\/cropped-logo_mflery.png\",\"width\":836,\"height\":254,\"caption\":\"Mflery | Soluciones Ambientales\"},\"image\":{\"@id\":\"https:\/\/mflery.com\/tiendavirtual\/#\/schema\/logo\/image\/\"}}]}<\/script>\n<!-- \/ Yoast SEO plugin. -->","yoast_head_json":{"title":"Pol\u00edtica de privacidad - Mflery | Soluciones Ambientales","robots":{"index":"index","follow":"follow","max-snippet":"max-snippet:-1","max-image-preview":"max-image-preview:large","max-video-preview":"max-video-preview:-1"},"canonical":"https:\/\/mflery.com\/tiendavirtual\/?page_id=3","og_locale":"es_ES","og_type":"article","og_title":"Pol\u00edtica de privacidad - Mflery | Soluciones Ambientales","og_description":"Qui\u00e9nes somos En esta secci\u00f3n debes anotar la URL del sitio, as\u00ed como el nombre de la compa\u00f1\u00eda, organizaci\u00f3n, o individuo detr\u00e1s de \u00e9l, y cierta informaci\u00f3n de contacto exacta. La cantidad de informaci\u00f3n que puedes requerir para mostrar variar\u00e1 dependiendo de sus regulaciones locales o nacionales de negocios. Por ejemplo, puede ser necesario que [&hellip;]","og_url":"https:\/\/mflery.com\/tiendavirtual\/?page_id=3","og_site_name":"Mflery | Soluciones Ambientales","article_modified_time":"2024-03-04T17:29:50+00:00","twitter_card":"summary_large_image","twitter_misc":{"Tiempo de lectura":"6 minutos"},"schema":{"@context":"https:\/\/schema.org","@graph":[{"@type":"WebPage","@id":"https:\/\/mflery.com\/tiendavirtual\/?page_id=3","url":"https:\/\/mflery.com\/tiendavirtual\/?page_id=3","name":"Pol\u00edtica de privacidad - Mflery | Soluciones Ambientales","isPartOf":{"@id":"https:\/\/mflery.com\/tiendavirtual\/#website"},"datePublished":"2024-02-12T20:08:58+00:00","dateModified":"2024-03-04T17:29:50+00:00","breadcrumb":{"@id":"https:\/\/mflery.com\/tiendavirtual\/?page_id=3#breadcrumb"},"inLanguage":"es-CO","potentialAction":[{"@type":"ReadAction","target":["https:\/\/mflery.com\/tiendavirtual\/?page_id=3"]}]},{"@type":"BreadcrumbList","@id":"https:\/\/mflery.com\/tiendavirtual\/?page_id=3#breadcrumb","itemListElement":[{"@type":"ListItem","position":1,"name":"Inicio","item":"https:\/\/mflery.com\/tiendavirtual\/"},{"@type":"ListItem","position":2,"name":"Pol\u00edtica de privacidad"}]},{"@type":"WebSite","@id":"https:\/\/mflery.com\/tiendavirtual\/#website","url":"https:\/\/mflery.com\/tiendavirtual\/","name":"Mflery | Soluciones Ambientales","description":"Entrega inmediata en todo el pa\u00eds | Precios m\u00e1s bajos garantizados","publisher":{"@id":"https:\/\/mflery.com\/tiendavirtual\/#organization"},"potentialAction":[{"@type":"SearchAction","target":{"@type":"EntryPoint","urlTemplate":"https:\/\/mflery.com\/tiendavirtual\/?s={search_term_string}"},"query-input":"required name=search_term_string"}],"inLanguage":"es-CO"},{"@type":"Organization","@id":"https:\/\/mflery.com\/tiendavirtual\/#organization","name":"Mflery | Soluciones Ambientales","url":"https:\/\/mflery.com\/tiendavirtual\/","logo":{"@type":"ImageObject","inLanguage":"es-CO","@id":"https:\/\/mflery.com\/tiendavirtual\/#\/schema\/logo\/image\/","url":"https:\/\/mflery.com\/tiendavirtual\/wp-content\/uploads\/2024\/02\/cropped-logo_mflery.png","contentUrl":"https:\/\/mflery.com\/tiendavirtual\/wp-content\/uploads\/2024\/02\/cropped-logo_mflery.png","width":836,"height":254,"caption":"Mflery | Soluciones Ambientales"},"image":{"@id":"https:\/\/mflery.com\/tiendavirtual\/#\/schema\/logo\/image\/"}}]}},"_links":{"self":[{"href":"https:\/\/mflery.com\/tiendavirtual\/index.php?rest_route=\/wp\/v2\/pages\/3","targetHints":{"allow":["GET"]}}],"collection":[{"href":"https:\/\/mflery.com\/tiendavirtual\/index.php?rest_route=\/wp\/v2\/pages"}],"about":[{"href":"https:\/\/mflery.com\/tiendavirtual\/index.php?rest_route=\/wp\/v2\/types\/page"}],"author":[{"embeddable":true,"href":"https:\/\/mflery.com\/tiendavirtual\/index.php?rest_route=\/wp\/v2\/users\/1"}],"replies":[{"embeddable":true,"href":"https:\/\/mflery.com\/tiendavirtual\/index.php?rest_route=%2Fwp%2Fv2%2Fcomments&post=3"}],"version-history":[{"count":1,"href":"https:\/\/mflery.com\/tiendavirtual\/index.php?rest_route=\/wp\/v2\/pages\/3\/revisions"}],"predecessor-version":[{"id":98,"href":"https:\/\/mflery.com\/tiendavirtual\/index.php?rest_route=\/wp\/v2\/pages\/3\/revisions\/98"}],"wp:attachment":[{"href":"https:\/\/mflery.com\/tiendavirtual\/index.php?rest_route=%2Fwp%2Fv2%2Fmedia&parent=3"}],"curies":[{"name":"wp","href":"https:\/\/api.w.org\/{rel}","templated":true}]}}